{"id":83,"date":"2020-09-20T12:19:32","date_gmt":"2020-09-20T10:19:32","guid":{"rendered":"https:\/\/metodadin.pl\/test\/?page_id=83"},"modified":"2020-10-18T15:51:56","modified_gmt":"2020-10-18T13:51:56","slug":"logopedia-w-opowiesciach","status":"publish","type":"page","link":"https:\/\/metodadin.pl\/test\/logopedia-w-opowiesciach\/","title":{"rendered":"Logopedia w opowie\u015bciach"},"content":{"rendered":"<!--themify_builder_content-->\n<div id=\"themify_builder_content-83\" data-postid=\"83\" class=\"themify_builder_content themify_builder_content-83 themify_builder tf_clear\">\n    \t<!-- module_row -->\n\t<div  data-lazy=\"1\" class=\"module_row themify_builder_row tb_hdog503 tb_first tf_clearfix\">\n\t    \t\t<div class=\"row_inner col_align_top tf_box tf_w tf_rel\">\n\t\t\t<div  data-lazy=\"1\" class=\"module_column tb-column col-full first tb_d9qk504 tf_box\">\n\t    \t    \t        <div class=\"tb-column-inner tf_box tf_w\">\n\t\t    <!-- module post -->\n<div  class=\"module module-post tb_rl1i567 \">\n        <div  class=\"builder-posts-wrap loops-wrapper grid2 boxed tf_clear tf_clearfix\" data-lazy=\"1\">\n\t<article id=\"post-926\" class=\"post tf_clearfix post-926 type-post status-publish format-standard has-post-thumbnail hentry category-logopedia-w-opowiesciach has-post-title no-post-date has-post-category has-post-tag has-post-comment has-post-author   cat-11\">\n\t    \n\t\t\t<a href=\"https:\/\/metodadin.pl\/test\/logopedia-w-opowiesciach\/opowiesc-pierwsza-v2-przygody-pajacyka\/\" aria-label=\"Opowie\u015b\u0107 pierwsza &#8211; Przygody pajacyka\" data-post-permalink=\"yes\" style=\"display: none;\"><\/a>\n\t    \t\t\t<figure class=\"post-image tf_clearfix\">\n\t\t\t    \t\t\t\t\t\t\t\t<a href=\"https:\/\/metodadin.pl\/test\/logopedia-w-opowiesciach\/opowiesc-pierwsza-v2-przygody-pajacyka\/\">\n\t\t\t\t\t\t\t\t<img loading=\"lazy\" decoding=\"async\" width=\"2048\" height=\"1363\" src=\"https:\/\/metodadin.pl\/test\/wp-content\/uploads\/2020\/10\/Logopedia-1.jpg\" class=\"wp-post-image wp-image-680\" title=\"Logopedia - 1\" alt=\"Logopedia - 1\" srcset=\"https:\/\/metodadin.pl\/test\/wp-content\/uploads\/2020\/10\/Logopedia-1.jpg 2048w, https:\/\/metodadin.pl\/test\/wp-content\/uploads\/2020\/10\/Logopedia-1-300x200.jpg 300w, https:\/\/metodadin.pl\/test\/wp-content\/uploads\/2020\/10\/Logopedia-1-1024x682.jpg 1024w, https:\/\/metodadin.pl\/test\/wp-content\/uploads\/2020\/10\/Logopedia-1-768x511.jpg 768w, https:\/\/metodadin.pl\/test\/wp-content\/uploads\/2020\/10\/Logopedia-1-1536x1022.jpg 1536w, https:\/\/metodadin.pl\/test\/wp-content\/uploads\/2020\/10\/Logopedia-1-900x598.jpg 900w, https:\/\/metodadin.pl\/test\/wp-content\/uploads\/2020\/10\/Logopedia-1-1160x772.jpg 1160w\" sizes=\"(max-width: 2048px) 100vw, 2048px\" \/>\t\t\t\t\t\t\t\t    \t\t\t\t<\/a>\n\t\t\t\t\t\t\t    \t\t\t<\/figure>\n\t\t\t\t<div class=\"post-content\">\n\t\t<div class=\"post-content-inner\">\n\n\t\t\t\n\t\t\t<h2 class=\"post-title entry-title\"><a href=\"https:\/\/metodadin.pl\/test\/logopedia-w-opowiesciach\/opowiesc-pierwsza-v2-przygody-pajacyka\/\">Opowie\u015b\u0107 pierwsza &#8211; Przygody pajacyka<\/a><\/h2>\n\t\t\t\n\t\t\t\n\t\t\t\t<div class=\"entry-content\">\n\n\t    \n\t<\/div><!-- \/.entry-content -->\n\t\n\t\t<\/div>\n\t\t<!-- \/.post-content-inner -->\n\t<\/div>\n\t<!-- \/.post-content -->\n\t\n<\/article>\n<!-- \/.post -->\n<article id=\"post-1029\" class=\"post tf_clearfix post-1029 type-post status-publish format-standard has-post-thumbnail hentry category-logopedia-w-opowiesciach has-post-title no-post-date has-post-category has-post-tag has-post-comment has-post-author   cat-11\">\n\t    \n\t\t\t<a href=\"https:\/\/metodadin.pl\/test\/logopedia-w-opowiesciach\/opowiesc-druga-jedzie-jedzie-pan\/\" aria-label=\"Opowie\u015b\u0107 druga &#8211; Jedzie, jedzie pan\u2026\" data-post-permalink=\"yes\" style=\"display: none;\"><\/a>\n\t    \t\t\t<figure class=\"post-image tf_clearfix\">\n\t\t\t    \t\t\t\t\t\t\t\t<a href=\"https:\/\/metodadin.pl\/test\/logopedia-w-opowiesciach\/opowiesc-druga-jedzie-jedzie-pan\/\">\n\t\t\t\t\t\t\t\t<img loading=\"lazy\" decoding=\"async\" width=\"2048\" height=\"1363\" src=\"https:\/\/metodadin.pl\/test\/wp-content\/uploads\/2020\/10\/Logopedia-2.jpg\" class=\"wp-post-image wp-image-679\" title=\"Logopedia -2\" alt=\"Logopedia -2\" srcset=\"https:\/\/metodadin.pl\/test\/wp-content\/uploads\/2020\/10\/Logopedia-2.jpg 2048w, https:\/\/metodadin.pl\/test\/wp-content\/uploads\/2020\/10\/Logopedia-2-300x200.jpg 300w, https:\/\/metodadin.pl\/test\/wp-content\/uploads\/2020\/10\/Logopedia-2-1024x682.jpg 1024w, https:\/\/metodadin.pl\/test\/wp-content\/uploads\/2020\/10\/Logopedia-2-768x511.jpg 768w, https:\/\/metodadin.pl\/test\/wp-content\/uploads\/2020\/10\/Logopedia-2-1536x1022.jpg 1536w, https:\/\/metodadin.pl\/test\/wp-content\/uploads\/2020\/10\/Logopedia-2-900x598.jpg 900w, https:\/\/metodadin.pl\/test\/wp-content\/uploads\/2020\/10\/Logopedia-2-1160x772.jpg 1160w\" sizes=\"(max-width: 2048px) 100vw, 2048px\" \/>\t\t\t\t\t\t\t\t    \t\t\t\t<\/a>\n\t\t\t\t\t\t\t    \t\t\t<\/figure>\n\t\t\t\t<div class=\"post-content\">\n\t\t<div class=\"post-content-inner\">\n\n\t\t\t\n\t\t\t<h2 class=\"post-title entry-title\"><a href=\"https:\/\/metodadin.pl\/test\/logopedia-w-opowiesciach\/opowiesc-druga-jedzie-jedzie-pan\/\">Opowie\u015b\u0107 druga &#8211; Jedzie, jedzie pan\u2026<\/a><\/h2>\n\t\t\t\n\t\t\t\n\t\t\t\t<div class=\"entry-content\">\n\n\t    \n\t<\/div><!-- \/.entry-content -->\n\t\n\t\t<\/div>\n\t\t<!-- \/.post-content-inner -->\n\t<\/div>\n\t<!-- \/.post-content -->\n\t\n<\/article>\n<!-- \/.post -->\n<article id=\"post-1039\" class=\"post tf_clearfix post-1039 type-post status-publish format-standard has-post-thumbnail hentry category-logopedia-w-opowiesciach has-post-title no-post-date has-post-category has-post-tag has-post-comment has-post-author   cat-11\">\n\t    \n\t\t\t<a href=\"https:\/\/metodadin.pl\/test\/logopedia-w-opowiesciach\/opowiesc-trzecia-wilk-i-kozki\/\" aria-label=\"Opowie\u015b\u0107 trzecia &#8211; Wilk i K\u00f3zki\" data-post-permalink=\"yes\" style=\"display: none;\"><\/a>\n\t    \t\t\t<figure class=\"post-image tf_clearfix\">\n\t\t\t    \t\t\t\t\t\t\t\t<a href=\"https:\/\/metodadin.pl\/test\/logopedia-w-opowiesciach\/opowiesc-trzecia-wilk-i-kozki\/\">\n\t\t\t\t\t\t\t\t<img loading=\"lazy\" decoding=\"async\" width=\"2048\" height=\"1363\" src=\"https:\/\/metodadin.pl\/test\/wp-content\/uploads\/2020\/10\/Logopedia-3.jpg\" class=\"wp-post-image wp-image-678\" title=\"Logopedia-3\" alt=\"Logopedia-3\" srcset=\"https:\/\/metodadin.pl\/test\/wp-content\/uploads\/2020\/10\/Logopedia-3.jpg 2048w, https:\/\/metodadin.pl\/test\/wp-content\/uploads\/2020\/10\/Logopedia-3-300x200.jpg 300w, https:\/\/metodadin.pl\/test\/wp-content\/uploads\/2020\/10\/Logopedia-3-1024x682.jpg 1024w, https:\/\/metodadin.pl\/test\/wp-content\/uploads\/2020\/10\/Logopedia-3-768x511.jpg 768w, https:\/\/metodadin.pl\/test\/wp-content\/uploads\/2020\/10\/Logopedia-3-1536x1022.jpg 1536w, https:\/\/metodadin.pl\/test\/wp-content\/uploads\/2020\/10\/Logopedia-3-900x598.jpg 900w, https:\/\/metodadin.pl\/test\/wp-content\/uploads\/2020\/10\/Logopedia-3-1160x772.jpg 1160w\" sizes=\"(max-width: 2048px) 100vw, 2048px\" \/>\t\t\t\t\t\t\t\t    \t\t\t\t<\/a>\n\t\t\t\t\t\t\t    \t\t\t<\/figure>\n\t\t\t\t<div class=\"post-content\">\n\t\t<div class=\"post-content-inner\">\n\n\t\t\t\n\t\t\t<h2 class=\"post-title entry-title\"><a href=\"https:\/\/metodadin.pl\/test\/logopedia-w-opowiesciach\/opowiesc-trzecia-wilk-i-kozki\/\">Opowie\u015b\u0107 trzecia &#8211; Wilk i K\u00f3zki<\/a><\/h2>\n\t\t\t\n\t\t\t\n\t\t\t\t<div class=\"entry-content\">\n\n\t    \n\t<\/div><!-- \/.entry-content -->\n\t\n\t\t<\/div>\n\t\t<!-- \/.post-content-inner -->\n\t<\/div>\n\t<!-- \/.post-content -->\n\t\n<\/article>\n<!-- \/.post -->\n<article id=\"post-1060\" class=\"post tf_clearfix post-1060 type-post status-publish format-standard has-post-thumbnail hentry category-logopedia-w-opowiesciach has-post-title no-post-date has-post-category has-post-tag has-post-comment has-post-author   cat-11\">\n\t    \n\t\t\t<a href=\"https:\/\/metodadin.pl\/test\/logopedia-w-opowiesciach\/opowiesc-czwarta-zakupy-mikolaja\/\" aria-label=\"Opowie\u015b\u0107 czwarta &#8211; Zakupy Miko\u0142aja\" data-post-permalink=\"yes\" style=\"display: none;\"><\/a>\n\t    \t\t\t<figure class=\"post-image tf_clearfix\">\n\t\t\t    \t\t\t\t\t\t\t\t<a href=\"https:\/\/metodadin.pl\/test\/logopedia-w-opowiesciach\/opowiesc-czwarta-zakupy-mikolaja\/\">\n\t\t\t\t\t\t\t\t<img loading=\"lazy\" decoding=\"async\" width=\"2048\" height=\"1363\" src=\"https:\/\/metodadin.pl\/test\/wp-content\/uploads\/2020\/10\/Logopedia-4.jpg\" class=\"wp-post-image wp-image-1062\" title=\"Logopedia-4\" alt=\"Logopedia-4\" srcset=\"https:\/\/metodadin.pl\/test\/wp-content\/uploads\/2020\/10\/Logopedia-4.jpg 2048w, https:\/\/metodadin.pl\/test\/wp-content\/uploads\/2020\/10\/Logopedia-4-300x200.jpg 300w, https:\/\/metodadin.pl\/test\/wp-content\/uploads\/2020\/10\/Logopedia-4-1024x682.jpg 1024w, https:\/\/metodadin.pl\/test\/wp-content\/uploads\/2020\/10\/Logopedia-4-768x511.jpg 768w, https:\/\/metodadin.pl\/test\/wp-content\/uploads\/2020\/10\/Logopedia-4-1536x1022.jpg 1536w, https:\/\/metodadin.pl\/test\/wp-content\/uploads\/2020\/10\/Logopedia-4-900x598.jpg 900w, https:\/\/metodadin.pl\/test\/wp-content\/uploads\/2020\/10\/Logopedia-4-1160x772.jpg 1160w\" sizes=\"(max-width: 2048px) 100vw, 2048px\" \/>\t\t\t\t\t\t\t\t    \t\t\t\t<\/a>\n\t\t\t\t\t\t\t    \t\t\t<\/figure>\n\t\t\t\t<div class=\"post-content\">\n\t\t<div class=\"post-content-inner\">\n\n\t\t\t\n\t\t\t<h2 class=\"post-title entry-title\"><a href=\"https:\/\/metodadin.pl\/test\/logopedia-w-opowiesciach\/opowiesc-czwarta-zakupy-mikolaja\/\">Opowie\u015b\u0107 czwarta &#8211; Zakupy Miko\u0142aja<\/a><\/h2>\n\t\t\t\n\t\t\t\n\t\t\t\t<div class=\"entry-content\">\n\n\t    \n\t<\/div><!-- \/.entry-content -->\n\t\n\t\t<\/div>\n\t\t<!-- \/.post-content-inner -->\n\t<\/div>\n\t<!-- \/.post-content -->\n\t\n<\/article>\n<!-- \/.post -->\n<article id=\"post-1108\" class=\"post tf_clearfix post-1108 type-post status-publish format-standard has-post-thumbnail hentry category-logopedia-w-opowiesciach has-post-title no-post-date has-post-category has-post-tag has-post-comment has-post-author   cat-11\">\n\t    \n\t\t\t<a href=\"https:\/\/metodadin.pl\/test\/logopedia-w-opowiesciach\/opowiesc-piata-wycieczka-do-miasta-bec-bum-i-traaach\/\" aria-label=\"Opowie\u015b\u0107 pi\u0105ta: Wycieczka do miasta &#8211; B\u0119c, bum i traaach!\" data-post-permalink=\"yes\" style=\"display: none;\"><\/a>\n\t    \t\t\t<figure class=\"post-image tf_clearfix\">\n\t\t\t    \t\t\t\t\t\t\t\t<a href=\"https:\/\/metodadin.pl\/test\/logopedia-w-opowiesciach\/opowiesc-piata-wycieczka-do-miasta-bec-bum-i-traaach\/\">\n\t\t\t\t\t\t\t\t<img loading=\"lazy\" decoding=\"async\" width=\"2048\" height=\"1363\" src=\"https:\/\/metodadin.pl\/test\/wp-content\/uploads\/2020\/10\/Logopedia-5.jpg\" class=\"wp-post-image wp-image-1063\" title=\"Logopedia-5\" alt=\"Logopedia-5\" srcset=\"https:\/\/metodadin.pl\/test\/wp-content\/uploads\/2020\/10\/Logopedia-5.jpg 2048w, https:\/\/metodadin.pl\/test\/wp-content\/uploads\/2020\/10\/Logopedia-5-300x200.jpg 300w, https:\/\/metodadin.pl\/test\/wp-content\/uploads\/2020\/10\/Logopedia-5-1024x682.jpg 1024w, https:\/\/metodadin.pl\/test\/wp-content\/uploads\/2020\/10\/Logopedia-5-768x511.jpg 768w, https:\/\/metodadin.pl\/test\/wp-content\/uploads\/2020\/10\/Logopedia-5-1536x1022.jpg 1536w, https:\/\/metodadin.pl\/test\/wp-content\/uploads\/2020\/10\/Logopedia-5-1160x772.jpg 1160w, https:\/\/metodadin.pl\/test\/wp-content\/uploads\/2020\/10\/Logopedia-5-900x598.jpg 900w\" sizes=\"(max-width: 2048px) 100vw, 2048px\" \/>\t\t\t\t\t\t\t\t    \t\t\t\t<\/a>\n\t\t\t\t\t\t\t    \t\t\t<\/figure>\n\t\t\t\t<div class=\"post-content\">\n\t\t<div class=\"post-content-inner\">\n\n\t\t\t\n\t\t\t<h2 class=\"post-title entry-title\"><a href=\"https:\/\/metodadin.pl\/test\/logopedia-w-opowiesciach\/opowiesc-piata-wycieczka-do-miasta-bec-bum-i-traaach\/\">Opowie\u015b\u0107 pi\u0105ta: Wycieczka do miasta &#8211; B\u0119c, bum i traaach!<\/a><\/h2>\n\t\t\t\n\t\t\t\n\t\t\t\t<div class=\"entry-content\">\n\n\t    \n\t<\/div><!-- \/.entry-content -->\n\t\n\t\t<\/div>\n\t\t<!-- \/.post-content-inner -->\n\t<\/div>\n\t<!-- \/.post-content -->\n\t\n<\/article>\n<!-- \/.post -->\n<article id=\"post-1117\" class=\"post tf_clearfix post-1117 type-post status-publish format-standard has-post-thumbnail hentry category-logopedia-w-opowiesciach has-post-title no-post-date has-post-category has-post-tag has-post-comment has-post-author   cat-11\">\n\t    \n\t\t\t<a href=\"https:\/\/metodadin.pl\/test\/logopedia-w-opowiesciach\/opowiesc-szosta-piesek-brudasek\/\" aria-label=\"Opowie\u015b\u0107 sz\u00f3sta &#8211; Piesek brudasek\" data-post-permalink=\"yes\" style=\"display: none;\"><\/a>\n\t    \t\t\t<figure class=\"post-image tf_clearfix\">\n\t\t\t    \t\t\t\t\t\t\t\t<a href=\"https:\/\/metodadin.pl\/test\/logopedia-w-opowiesciach\/opowiesc-szosta-piesek-brudasek\/\">\n\t\t\t\t\t\t\t\t<img loading=\"lazy\" decoding=\"async\" width=\"2048\" height=\"1363\" src=\"https:\/\/metodadin.pl\/test\/wp-content\/uploads\/2020\/10\/Logopedia-6.jpg\" class=\"wp-post-image wp-image-1064\" title=\"Logopedia-6\" alt=\"Logopedia-6\" srcset=\"https:\/\/metodadin.pl\/test\/wp-content\/uploads\/2020\/10\/Logopedia-6.jpg 2048w, https:\/\/metodadin.pl\/test\/wp-content\/uploads\/2020\/10\/Logopedia-6-300x200.jpg 300w, https:\/\/metodadin.pl\/test\/wp-content\/uploads\/2020\/10\/Logopedia-6-1024x682.jpg 1024w, https:\/\/metodadin.pl\/test\/wp-content\/uploads\/2020\/10\/Logopedia-6-768x511.jpg 768w, https:\/\/metodadin.pl\/test\/wp-content\/uploads\/2020\/10\/Logopedia-6-1536x1022.jpg 1536w, https:\/\/metodadin.pl\/test\/wp-content\/uploads\/2020\/10\/Logopedia-6-1160x772.jpg 1160w, https:\/\/metodadin.pl\/test\/wp-content\/uploads\/2020\/10\/Logopedia-6-900x598.jpg 900w\" sizes=\"(max-width: 2048px) 100vw, 2048px\" \/>\t\t\t\t\t\t\t\t    \t\t\t\t<\/a>\n\t\t\t\t\t\t\t    \t\t\t<\/figure>\n\t\t\t\t<div class=\"post-content\">\n\t\t<div class=\"post-content-inner\">\n\n\t\t\t\n\t\t\t<h2 class=\"post-title entry-title\"><a href=\"https:\/\/metodadin.pl\/test\/logopedia-w-opowiesciach\/opowiesc-szosta-piesek-brudasek\/\">Opowie\u015b\u0107 sz\u00f3sta &#8211; Piesek brudasek<\/a><\/h2>\n\t\t\t\n\t\t\t\n\t\t\t\t<div class=\"entry-content\">\n\n\t    \n\t<\/div><!-- \/.entry-content -->\n\t\n\t\t<\/div>\n\t\t<!-- \/.post-content-inner -->\n\t<\/div>\n\t<!-- \/.post-content -->\n\t\n<\/article>\n<!-- \/.post -->\n<article id=\"post-1123\" class=\"post tf_clearfix post-1123 type-post status-publish format-standard has-post-thumbnail hentry category-logopedia-w-opowiesciach has-post-title no-post-date has-post-category has-post-tag has-post-comment has-post-author   cat-11\">\n\t    \n\t\t\t<a href=\"https:\/\/metodadin.pl\/test\/logopedia-w-opowiesciach\/opowiesc-siodma-malowanie-domu\/\" aria-label=\"Opowie\u015b\u0107 si\u00f3dma &#8211; Malowanie domu\" data-post-permalink=\"yes\" style=\"display: none;\"><\/a>\n\t    \t\t\t<figure class=\"post-image tf_clearfix\">\n\t\t\t    \t\t\t\t\t\t\t\t<a href=\"https:\/\/metodadin.pl\/test\/logopedia-w-opowiesciach\/opowiesc-siodma-malowanie-domu\/\">\n\t\t\t\t\t\t\t\t<img loading=\"lazy\" decoding=\"async\" width=\"2048\" height=\"1363\" src=\"https:\/\/metodadin.pl\/test\/wp-content\/uploads\/2020\/10\/Logopedia-7.jpg\" class=\"wp-post-image wp-image-1065\" title=\"Logopedia-7\" alt=\"Logopedia-7\" srcset=\"https:\/\/metodadin.pl\/test\/wp-content\/uploads\/2020\/10\/Logopedia-7.jpg 2048w, https:\/\/metodadin.pl\/test\/wp-content\/uploads\/2020\/10\/Logopedia-7-300x200.jpg 300w, https:\/\/metodadin.pl\/test\/wp-content\/uploads\/2020\/10\/Logopedia-7-1024x682.jpg 1024w, https:\/\/metodadin.pl\/test\/wp-content\/uploads\/2020\/10\/Logopedia-7-768x511.jpg 768w, https:\/\/metodadin.pl\/test\/wp-content\/uploads\/2020\/10\/Logopedia-7-1536x1022.jpg 1536w, https:\/\/metodadin.pl\/test\/wp-content\/uploads\/2020\/10\/Logopedia-7-900x598.jpg 900w, https:\/\/metodadin.pl\/test\/wp-content\/uploads\/2020\/10\/Logopedia-7-1160x772.jpg 1160w\" sizes=\"(max-width: 2048px) 100vw, 2048px\" \/>\t\t\t\t\t\t\t\t    \t\t\t\t<\/a>\n\t\t\t\t\t\t\t    \t\t\t<\/figure>\n\t\t\t\t<div class=\"post-content\">\n\t\t<div class=\"post-content-inner\">\n\n\t\t\t\n\t\t\t<h2 class=\"post-title entry-title\"><a href=\"https:\/\/metodadin.pl\/test\/logopedia-w-opowiesciach\/opowiesc-siodma-malowanie-domu\/\">Opowie\u015b\u0107 si\u00f3dma &#8211; Malowanie domu<\/a><\/h2>\n\t\t\t\n\t\t\t\n\t\t\t\t<div class=\"entry-content\">\n\n\t    \n\t<\/div><!-- \/.entry-content -->\n\t\n\t\t<\/div>\n\t\t<!-- \/.post-content-inner -->\n\t<\/div>\n\t<!-- \/.post-content -->\n\t\n<\/article>\n<!-- \/.post -->\n<article id=\"post-1131\" class=\"post tf_clearfix post-1131 type-post status-publish format-standard has-post-thumbnail hentry category-logopedia-w-opowiesciach has-post-title no-post-date has-post-category has-post-tag has-post-comment has-post-author   cat-11\">\n\t    \n\t\t\t<a href=\"https:\/\/metodadin.pl\/test\/logopedia-w-opowiesciach\/opowiesc-osma-calineczka\/\" aria-label=\"Opowie\u015b\u0107 \u00f3sma \u2013 Calineczka\" data-post-permalink=\"yes\" style=\"display: none;\"><\/a>\n\t    \t\t\t<figure class=\"post-image tf_clearfix\">\n\t\t\t    \t\t\t\t\t\t\t\t<a href=\"https:\/\/metodadin.pl\/test\/logopedia-w-opowiesciach\/opowiesc-osma-calineczka\/\">\n\t\t\t\t\t\t\t\t<img loading=\"lazy\" decoding=\"async\" width=\"2048\" height=\"1363\" src=\"https:\/\/metodadin.pl\/test\/wp-content\/uploads\/2020\/10\/Logopedia-8.jpg\" class=\"wp-post-image wp-image-1066\" title=\"Logopedia-8\" alt=\"Logopedia-8\" srcset=\"https:\/\/metodadin.pl\/test\/wp-content\/uploads\/2020\/10\/Logopedia-8.jpg 2048w, https:\/\/metodadin.pl\/test\/wp-content\/uploads\/2020\/10\/Logopedia-8-300x200.jpg 300w, https:\/\/metodadin.pl\/test\/wp-content\/uploads\/2020\/10\/Logopedia-8-1024x682.jpg 1024w, https:\/\/metodadin.pl\/test\/wp-content\/uploads\/2020\/10\/Logopedia-8-768x511.jpg 768w, https:\/\/metodadin.pl\/test\/wp-content\/uploads\/2020\/10\/Logopedia-8-1536x1022.jpg 1536w, https:\/\/metodadin.pl\/test\/wp-content\/uploads\/2020\/10\/Logopedia-8-900x598.jpg 900w, https:\/\/metodadin.pl\/test\/wp-content\/uploads\/2020\/10\/Logopedia-8-1160x772.jpg 1160w\" sizes=\"(max-width: 2048px) 100vw, 2048px\" \/>\t\t\t\t\t\t\t\t    \t\t\t\t<\/a>\n\t\t\t\t\t\t\t    \t\t\t<\/figure>\n\t\t\t\t<div class=\"post-content\">\n\t\t<div class=\"post-content-inner\">\n\n\t\t\t\n\t\t\t<h2 class=\"post-title entry-title\"><a href=\"https:\/\/metodadin.pl\/test\/logopedia-w-opowiesciach\/opowiesc-osma-calineczka\/\">Opowie\u015b\u0107 \u00f3sma \u2013 Calineczka<\/a><\/h2>\n\t\t\t\n\t\t\t\n\t\t\t\t<div class=\"entry-content\">\n\n\t    \n\t<\/div><!-- \/.entry-content -->\n\t\n\t\t<\/div>\n\t\t<!-- \/.post-content-inner -->\n\t<\/div>\n\t<!-- \/.post-content -->\n\t\n<\/article>\n<!-- \/.post -->\n<article id=\"post-1135\" class=\"post tf_clearfix post-1135 type-post status-publish format-standard has-post-thumbnail hentry category-logopedia-w-opowiesciach has-post-title no-post-date has-post-category has-post-tag has-post-comment has-post-author   cat-11\">\n\t    \n\t\t\t<a href=\"https:\/\/metodadin.pl\/test\/logopedia-w-opowiesciach\/opowiesc-dziewiata-ubieranie-misia\/\" aria-label=\"Opowie\u015b\u0107 dziewi\u0105ta \u2013 Ubieranie misia\" data-post-permalink=\"yes\" style=\"display: none;\"><\/a>\n\t    \t\t\t<figure class=\"post-image tf_clearfix\">\n\t\t\t    \t\t\t\t\t\t\t\t<a href=\"https:\/\/metodadin.pl\/test\/logopedia-w-opowiesciach\/opowiesc-dziewiata-ubieranie-misia\/\">\n\t\t\t\t\t\t\t\t<img loading=\"lazy\" decoding=\"async\" width=\"2048\" height=\"1363\" src=\"https:\/\/metodadin.pl\/test\/wp-content\/uploads\/2020\/10\/Logopedia-9.jpg\" class=\"wp-post-image wp-image-1067\" title=\"Logopedia-9\" alt=\"Logopedia-9\" srcset=\"https:\/\/metodadin.pl\/test\/wp-content\/uploads\/2020\/10\/Logopedia-9.jpg 2048w, https:\/\/metodadin.pl\/test\/wp-content\/uploads\/2020\/10\/Logopedia-9-300x200.jpg 300w, https:\/\/metodadin.pl\/test\/wp-content\/uploads\/2020\/10\/Logopedia-9-1024x682.jpg 1024w, https:\/\/metodadin.pl\/test\/wp-content\/uploads\/2020\/10\/Logopedia-9-768x511.jpg 768w, https:\/\/metodadin.pl\/test\/wp-content\/uploads\/2020\/10\/Logopedia-9-1536x1022.jpg 1536w, https:\/\/metodadin.pl\/test\/wp-content\/uploads\/2020\/10\/Logopedia-9-900x598.jpg 900w, https:\/\/metodadin.pl\/test\/wp-content\/uploads\/2020\/10\/Logopedia-9-1160x772.jpg 1160w\" sizes=\"(max-width: 2048px) 100vw, 2048px\" \/>\t\t\t\t\t\t\t\t    \t\t\t\t<\/a>\n\t\t\t\t\t\t\t    \t\t\t<\/figure>\n\t\t\t\t<div class=\"post-content\">\n\t\t<div class=\"post-content-inner\">\n\n\t\t\t\n\t\t\t<h2 class=\"post-title entry-title\"><a href=\"https:\/\/metodadin.pl\/test\/logopedia-w-opowiesciach\/opowiesc-dziewiata-ubieranie-misia\/\">Opowie\u015b\u0107 dziewi\u0105ta \u2013 Ubieranie misia<\/a><\/h2>\n\t\t\t\n\t\t\t\n\t\t\t\t<div class=\"entry-content\">\n\n\t    \n\t<\/div><!-- \/.entry-content -->\n\t\n\t\t<\/div>\n\t\t<!-- \/.post-content-inner -->\n\t<\/div>\n\t<!-- \/.post-content -->\n\t\n<\/article>\n<!-- \/.post -->\n<article id=\"post-1141\" class=\"post tf_clearfix post-1141 type-post status-publish format-standard has-post-thumbnail hentry category-logopedia-w-opowiesciach has-post-title no-post-date has-post-category has-post-tag has-post-comment has-post-author   cat-11\">\n\t    \n\t\t\t<a href=\"https:\/\/metodadin.pl\/test\/logopedia-w-opowiesciach\/opowiesc-dziesiata-piekne-zwyczaje\/\" aria-label=\"Opowie\u015b\u0107 dziesi\u0105ta &#8211; Pi\u0119kne zwyczaje\" data-post-permalink=\"yes\" style=\"display: none;\"><\/a>\n\t    \t\t\t<figure class=\"post-image tf_clearfix\">\n\t\t\t    \t\t\t\t\t\t\t\t<a href=\"https:\/\/metodadin.pl\/test\/logopedia-w-opowiesciach\/opowiesc-dziesiata-piekne-zwyczaje\/\">\n\t\t\t\t\t\t\t\t<img loading=\"lazy\" decoding=\"async\" width=\"2048\" height=\"1363\" src=\"https:\/\/metodadin.pl\/test\/wp-content\/uploads\/2020\/10\/Logopedia-10.jpg\" class=\"wp-post-image wp-image-1068\" title=\"Logopedia-10\" alt=\"Logopedia-10\" srcset=\"https:\/\/metodadin.pl\/test\/wp-content\/uploads\/2020\/10\/Logopedia-10.jpg 2048w, https:\/\/metodadin.pl\/test\/wp-content\/uploads\/2020\/10\/Logopedia-10-300x200.jpg 300w, https:\/\/metodadin.pl\/test\/wp-content\/uploads\/2020\/10\/Logopedia-10-1024x682.jpg 1024w, https:\/\/metodadin.pl\/test\/wp-content\/uploads\/2020\/10\/Logopedia-10-768x511.jpg 768w, https:\/\/metodadin.pl\/test\/wp-content\/uploads\/2020\/10\/Logopedia-10-1536x1022.jpg 1536w, https:\/\/metodadin.pl\/test\/wp-content\/uploads\/2020\/10\/Logopedia-10-900x598.jpg 900w, https:\/\/metodadin.pl\/test\/wp-content\/uploads\/2020\/10\/Logopedia-10-1160x772.jpg 1160w\" sizes=\"(max-width: 2048px) 100vw, 2048px\" \/>\t\t\t\t\t\t\t\t    \t\t\t\t<\/a>\n\t\t\t\t\t\t\t    \t\t\t<\/figure>\n\t\t\t\t<div class=\"post-content\">\n\t\t<div class=\"post-content-inner\">\n\n\t\t\t\n\t\t\t<h2 class=\"post-title entry-title\"><a href=\"https:\/\/metodadin.pl\/test\/logopedia-w-opowiesciach\/opowiesc-dziesiata-piekne-zwyczaje\/\">Opowie\u015b\u0107 dziesi\u0105ta &#8211; Pi\u0119kne zwyczaje<\/a><\/h2>\n\t\t\t\n\t\t\t\n\t\t\t\t<div class=\"entry-content\">\n\n\t    \n\t<\/div><!-- \/.entry-content -->\n\t\n\t\t<\/div>\n\t\t<!-- \/.post-content-inner -->\n\t<\/div>\n\t<!-- \/.post-content -->\n\t\n<\/article>\n<!-- \/.post -->\n    <\/div><!-- .builder-posts-wrap -->\n        <\/div>\n<!-- \/module post -->\n\t        <\/div>\n\t    \t<\/div>\n\t\t    <\/div>\n\t    <!-- \/row_inner -->\n\t<\/div>\n\t<!-- \/module_row -->\n\t<\/div>\n<!--\/themify_builder_content-->\n","protected":false},"excerpt":{"rendered":"","protected":false},"author":1,"featured_media":0,"parent":0,"menu_order":0,"comment_status":"closed","ping_status":"closed","template":"","meta":{"footnotes":""},"yoast_head":"<!-- This site is optimized with the Yoast SEO plugin v16.2 - https:\/\/yoast.com\/wordpress\/plugins\/seo\/ -->\n<title>Logopedia w opowie\u015bciach - Fundacja Fonia<\/title>\n<meta name=\"robots\" content=\"noindex, follow, max-snippet:-1, max-image-preview:large, max-video-preview:-1\" \/>\n<meta property=\"og:locale\" content=\"pl_PL\" \/>\n<meta property=\"og:type\" content=\"article\" \/>\n<meta property=\"og:title\" content=\"Logopedia w opowie\u015bciach - Fundacja Fonia\" \/>\n<meta property=\"og:url\" content=\"https:\/\/metodadin.pl\/test\/logopedia-w-opowiesciach\/\" \/>\n<meta property=\"og:site_name\" content=\"Fundacja Fonia\" \/>\n<meta property=\"article:modified_time\" content=\"2020-10-18T13:51:56+00:00\" \/>\n<meta name=\"twitter:card\" content=\"summary_large_image\" \/>\n<script type=\"application\/ld+json\" class=\"yoast-schema-graph\">{\"@context\":\"https:\/\/schema.org\",\"@graph\":[{\"@type\":\"WebSite\",\"@id\":\"https:\/\/metodadin.pl\/test\/#website\",\"url\":\"https:\/\/metodadin.pl\/test\/\",\"name\":\"Fundacja Fonia\",\"description\":\"Fundacja Fonia\",\"potentialAction\":[{\"@type\":\"SearchAction\",\"target\":\"https:\/\/metodadin.pl\/test\/?s={search_term_string}\",\"query-input\":\"required name=search_term_string\"}],\"inLanguage\":\"pl-PL\"},{\"@type\":\"WebPage\",\"@id\":\"https:\/\/metodadin.pl\/test\/logopedia-w-opowiesciach\/#webpage\",\"url\":\"https:\/\/metodadin.pl\/test\/logopedia-w-opowiesciach\/\",\"name\":\"Logopedia w opowie\\u015bciach - Fundacja Fonia\",\"isPartOf\":{\"@id\":\"https:\/\/metodadin.pl\/test\/#website\"},\"datePublished\":\"2020-09-20T10:19:32+00:00\",\"dateModified\":\"2020-10-18T13:51:56+00:00\",\"breadcrumb\":{\"@id\":\"https:\/\/metodadin.pl\/test\/logopedia-w-opowiesciach\/#breadcrumb\"},\"inLanguage\":\"pl-PL\",\"potentialAction\":[{\"@type\":\"ReadAction\",\"target\":[\"https:\/\/metodadin.pl\/test\/logopedia-w-opowiesciach\/\"]}]},{\"@type\":\"BreadcrumbList\",\"@id\":\"https:\/\/metodadin.pl\/test\/logopedia-w-opowiesciach\/#breadcrumb\",\"itemListElement\":[{\"@type\":\"ListItem\",\"position\":1,\"item\":{\"@type\":\"WebPage\",\"@id\":\"https:\/\/metodadin.pl\/test\/\",\"url\":\"https:\/\/metodadin.pl\/test\/\",\"name\":\"Strona g\\u0142\\u00f3wna\"}},{\"@type\":\"ListItem\",\"position\":2,\"item\":{\"@id\":\"https:\/\/metodadin.pl\/test\/logopedia-w-opowiesciach\/#webpage\"}}]}]}<\/script>\n<!-- \/ Yoast SEO plugin. -->","_links":{"self":[{"href":"https:\/\/metodadin.pl\/test\/wp-json\/wp\/v2\/pages\/83"}],"collection":[{"href":"https:\/\/metodadin.pl\/test\/wp-json\/wp\/v2\/pages"}],"about":[{"href":"https:\/\/metodadin.pl\/test\/wp-json\/wp\/v2\/types\/page"}],"author":[{"embeddable":true,"href":"https:\/\/metodadin.pl\/test\/wp-json\/wp\/v2\/users\/1"}],"replies":[{"embeddable":true,"href":"https:\/\/metodadin.pl\/test\/wp-json\/wp\/v2\/comments?post=83"}],"version-history":[{"count":19,"href":"https:\/\/metodadin.pl\/test\/wp-json\/wp\/v2\/pages\/83\/revisions"}],"predecessor-version":[{"id":1464,"href":"https:\/\/metodadin.pl\/test\/wp-json\/wp\/v2\/pages\/83\/revisions\/1464"}],"wp:attachment":[{"href":"https:\/\/metodadin.pl\/test\/wp-json\/wp\/v2\/media?parent=83"}],"curies":[{"name":"wp","href":"https:\/\/api.w.org\/{rel}","templated":true}]}}